7 + (17 + -9 - 3) + -95.
-76
What is the value of -8 - (3 - (0 - -2 - 4)) - -42?
29
-63 - (-41 + 74) - (18 + -5)
-109
Calculate (13 + -9 - -11) + (8 - (-4 + 10)).
17
Calculate -90 - (6 + -2 + (1 - 7)) - (-8 + 5).
-85
(-120 - (-43 - 5)) + (0 - 3 - 13 - -5)
-83
-9 + (-7 - (-23 - -2 - (-9 - -2)))
-2
What is the value of -21 + -3 + (11 - -1) - -2 - 72?
-82
What is (19 - 29 - 14) + 18 + (4 - 54)?
-56
-5 + 2 + 51 - ((25 - 27) + -10 + 17)
43
Calculate 11 + -8 + (-17 + -8 - -5) + (-4 - -7).
-14
Calculate 3 - ((74 - 49) + -51).
29
-38 + 49 - -14 - 29 - 76
-80
Calculate 107 - (138 + -22 - 23).
14
2 + -14 + (-4 - 2 - -114) - 4
92
What is the value of (10 - 50) + (0 - (34 - 28))?
-46
What is (-31 - (-4 + 56)) + -8 + 2 + (1 - 1)?
-89
What is -15 - 35 - 101 - -81?
-70
What is the value of (85 - 11) + (0 + 2 - (-1 - -8)) + 2?
71
What is the value of -198 + 49 + 35 + 21?
-93
Calculate (-10 + 5 + 9 - -19) + 45.
68
What is the value of -34 + 67 + (-169 - -107)?
-29
Calculate -2 + -39 + (3620 - 3650).
-71
What is the value of -30 + (42 - (41 + (-41 - -21))) - 41?
-50
Evaluate -20 + -1 + (-98 - (139 + -304)) - (5 + 0).
41
What is 5 + (-12 - (0 + -2 + 1 + -10))?
4
Calculate (-19 - -19) + -1 + -1 + (264 - 275) + -4.
-17
What is -51 - (112 - 41 - 138)?
16
Calculate (-2 - 12) + (-360 - -361) + (6 - -2) + -6.
-11
What is the value of -1 + -10 + -5 + 0?
-16
What is the value of (5 - 84) + (26 - 33) + 9?
-77
Calculate (30 - (-27 + 73 + -8)) + (-1 - (-1 + 25)).
-33
-23 - -11 - ((3 - 0) + 7 - 19)
-3
3 + 2 + -1 + 14 + -14 + -34
-30
Calculate 84 + -37 + -6 + -4 + 7.
44
Evaluate -8 + (-23 - (-2 - 11)) + (2 - -8).
-8
3342 - 3405 - (-105 - 1)
43
Evaluate -122 + 130 - ((15 - (4 + 8)) + -67 + -1).
73
What is the value of (-82 - -133) + (6 - 5 - 7 - -3 - 0)?
48
Evaluate 40 + -71 + 19 - 25.
-37
What is -8 - -70 - (9 + -10 + (19 - 28))?
72
18 + -33 + -35 + 1
-49
16 - ((-1 - (23 + -7 + -31)) + 0)
2
(3 + -10 - 3) + (29 + -47 - -51)
23
Calculate (-10 + 3 - -24) + ((-1 - -1) + 8 - -1).
26
Evaluate -10 + (-91 - (2 - -2) - (-51 + 48)) + 11.
-91
Evaluate 7 + 2 - (-71 - (65 - 115)).
30
What is -92 - -99 - ((47 - -1) + 1 + (-16 - -14))?
-40
26 - (84 + -21) - -33
-4
5 + (-51 - -42) - (-28 - (0 - (3 + 0)))
21
2 - 77 - (-6022 + 5835)
112
What is (20 + 60 - 99) + (-33 - -1)?
-51
What is the value of (27 - 69 - (-5 - -8)) + (-10 - -4) + 17?
-34
What is the value of (-1 - -9) + (39 + -130 - -147)?
64
What is the value of -53 - (-47 + 31) - 6 - 52?
-95
Evaluate 3 - -9 - (-7 + 5) - (727 + -715).
2
What is -39 - (51 + 0 - (-18 - 0))?
-108
Calculate 61 - (17 + -4 - -23).
25
What is -20 - (-62 + 13 + 30) - 18?
-19
Evaluate (58 - 1) + (-21 - -3) + 57 + (39 - 75).
60
What is the value of (-19 - -6 - (-3 + -15 + 2)) + 10 + -8?
5
Evaluate 180 + (-168 - -13) - (1 + 6 + 1).
17
111 - (3 + -16 + -143 + 163)
104
Evaluate 29 - (7 + (-3 + 7 - (70 - 48))).
40
Evaluate -3 + 47 + -29 + -38.
-23
What is the value of -73 + 50 - 22 - -29?
-16
Evaluate (1 - (164 + -50)) + 75.
-38
Calculate -8 - (-5 - -7 - 4) - (2 + (-49 - -4)).
37
What is 231 - 224 - (-57 - -49 - (36 + 2))?
53
What is the value of (-98 - 0) + 8 - (41 - 38) - 14?
-107
9 + 3 + 1 + -5 - (21 - 12 - -68)
-69
What is the value of (18 + 17 - 12 - 22) + 21?
22
What is the value of (58 - ((4 - 4) + -2)) + (511 - 517)?
54
Calculate 29 - (-27 - -143 - -11 - 21).
-77
What is the value of 0 + -5 + (-74 - (-216 + 168))?
-31
What is the value of 32 - (-8 - (1 - -3 - (8 - -8)))?
28
What is (0 - 17) + -6 + (17 - 6) + -24?
-36
Calculate 50 + -43 - (-1 - -4 - (14 + 8 + -19)).
7
What is 50 + 2 + 162 + -185?
29
Evaluate 27 + -28 + (-7 - -23).
15
What is 5 + 10 + (-19 - (-3 + -5) - -13) + 42?
59
Calculate 22 + (49 - 34) + 12.
49
What is the value of 101 + -156 - -60 - (-1 + -1 + -1)?
8
Calculate -7 - -15 - (346 + -292).
-46
Evaluate 13 - -10 - 29 - -10 - (10 + 0) - -19.
13
Evaluate -3 + (16 + -19 - 9) - -26.
11
-11 + -15 + (64 - 18) + -19
1
-8 - -6 - -40 - ((141 - 161) + -1 + 13)
46
What is 69 + -20 + -55 - 8?
-14
Evaluate -3 + 5 + 2 - 18 - (-45 + -68 + -27).
126
Evaluate -2 - (-49 + 11 + (1 - (-4 + 5 - -2))).
38
What is the value of 98 + -8 + -63 + 13?
40
-4 - -6 - 6 - (-13 + 42 - 33)
0
57 + -32 - (-6 + 4 - -5 - 1)
23
Calculate 35 + (-25 - -14 - -23 - -4).
51
Calculate -30 + 20 - (13 + -5 + -65 - (9 - -2)).
58
-574 - -599 - (0 + -23)
48
What is 19 + -9 + (30 + -29 - (2 - 1)) - 92?
-82
What is the value of (-5 - (17 + -21)) + (-1 - -11) - 42?
-33
What is 54 + -1 + (-17 + (4 - -12) - 16)?
36
What is the value of 34 - ((6 - -2) + 75 + -50)?
1
Evaluate 151 - (24 + 2 + (45 - (124 + -63))).
141
Calculate -22 + 8 + -12 + (-3 - (-15 - -62)).
-76
Calculate -318 + 327 + (1 + -1 + 4 - 37).
-24
Calculate 9 + 24 - ((-5 - (4 + 2)) + 2).
42
What is -27 + 74 - (34 + -30 - 27)?
70
Evaluate -78 + (2 - (10 + 4 + -48 + 43)).
-85
Calculate 31 - ((-3 - -1 - (264 - 268)) + -17).
46
Calculate 21 + (44 - 39) + 11.
37
Evaluate (-9 + 1 - -3) + -9 + 33 + -21 + -36.
-38
What is -1 + 2 - 5 - ((27 - 32) + -38 + 6)?
33
What is -7 - (47 + -32) - (-37 - 48)?
63
What is the value of 44 - (16 + 149 + -78)?
-43
67 + (30 - (-12 - -22 - -1)) + -9
77
Evaluate (196 - 153) + -5 + -13 - -64.
89
Evaluate 43 + -1 - (-2 - (-82 + 37 - -32)).
31
What is (4372 - 4323) + (-75 - 1)?
-27
Evaluate -149 + (-40 - (-127 + 34)).
-96
Evaluate 72 + (-35 - (14 + -40)) + -15.
48
What is the value of -3 - -45 - (20 - (180 + -86))?
116
-3 + -8 - -11 - -120 - (16 - (9 - -6))
119
(2 - 4 - (3 - 25)) + (545 - 638)
-73
What is -42 + 12 + -4 + 5 - -18?
-11
Calculate 14 + 5 + -6 + -481 + 479.
11
Calculate (4 + (-5 - 0) - -2) + (71 - -4 - 47).
29
Calculate 84 + -63 + -90 - -66.
-3
Evaluate -678 + 683 + (-5 - (-3 + -56)).
59
6 + -8 + -4 + (8 - 11) + 13
4
Evaluate (3 - -39) + (15 - 40).
17
1 - ((8 - -83) + -36) - 31
-85
What is the value of 11 - 2 - 1 - (1826 + -1823)?
5
Evaluate 6 - ((0 - (-9 - -3)) + (19 - 58)).
39
526 + -574 + 1 + 1 - (2 + -7)
-41
Evaluate 12 + ((35 - 38) + 9 - (-21 - 2)).
41
What is the value of 799 + -782 + (-10 - (-3 + 2)) + -118?
-110
What is the value of (-101 + -1 - (-19 + 16)) + 12?
-87
Evaluate 22 - (-69 + (65 - -53)).
-27
What is -3 + 24 + (-58 - (26 + 2))?
-65
3 + 1 + -70 - 19 - 19
-104
Evaluate 20 + 0 + 2020 + -2062.
-22
(-16 - (-27 - -8)) + (11 - 4 - -3)
13
Evaluate -37 - ((-2 - (-2 - 1)) + 20 + -19 + -7).
-32
(-25 - (-5 - 14)) + 2 - -53
49
What is (0 - -76) + 11 + (-24 - (-14 + (-18 - -13)))?
82
What is the value of 63 + (-42 - (34 + -37))?
24
What is 11 - ((12 - (-13 - (-3 - 22))) + 8)?
3
-155 + (141 - 43) + 58
1
(8 + -2 + -5 - 1) + 2 + (78 - 6)
74
Evaluate -18 + 2 - 5 - -51.
30
(-48 + 43 - 8) + (16 - 3 - 2)
-2
Calculate -6 + ((4 - 4) + -3 - -3) - (-8 - 19).
21
What is (25 - (-49 + 45)) + -25?
4
What is the value of 0 + 32 + 17 + (-4 - 9) + 1 + -11?
26
10 + -20 + (-2 - -13) + 11
12
Evaluate (-539 - -651) + 19 + 2 + -13.
120
Calculate -74 - (-26 + (28 - 17) + -7).
-52
Calculate (-19 - -14 - (14 + -29)) + 26.
36
Calculate (-2 - 24) + (20 - (20 - 0)) + -13 + 12.
-27
What is -17 - (-43 + (53 - 55))?
28
What is 0 + 1 - -33 - (4 - (-77 - -87))?
40
119 + -39 + -98 + 2
-16
Evaluate 0 + (43 - 1) - (-104 + 179 + -71).
38
Evaluate (-35 - (26 + (18 - -18))) + (0 - -16).
-81
What is (-793 - -709) + (121 - -2)?
39
What is 11 + -1 + (-2 - (23 + -11) - 4)?
-8
-39406 - -39440 - (65 + 0 + 1)
-32
What is 0 - 6 - (0 - (73 - 41 - (11 - 0)))?
15
What is 33 + -134 + -9 + 18 + 18?
-74
What is (92 - (-59 + 14)) + -223?
-86
What is the value of 13 + -16 - (-53 + 38)?
12
-81 + -124 + 283 + -78
0
Calculate 18 + -4 + (-14 + 12 - -6) + 12.
30
(28 - 18) + (2 - 0) - -7
19
Evaluate -47 - (0 + (5 - 10) - (93 + -95)).
-44
Calculate -79 + (0 - (6 + 4)).
-89
Evaluate (605 - 642) + (2 - -5) + (1 - -6).
-23
(1 - -4) + -48 - (248 + -271)
-20
(8 - 30 - 14) + 2 + (-8 - 2)
-44
Evaluate (-59 - -7) + -9 + (5 - -7) + -12.
-61
What is (-67 - -63) + 35 + 32?
63
Evaluate -79 - 32 - -169 - 183.
-125
Evaluate -297 - -303 - (-97 - 0) - (-25 + 9 - -7).
112
(-6 - (-7 + 38)) + (186 - 191)
-42
Calculate 6 + (5 - 26) + 3 + 48.
36
What is 43 + (77 - (8 - -55)) + -2 + 5 + -13?
47
What is the value of -10 + 1 + (1 - 1) + (-131 - -55) + 73?
-12
Evaluate 1 + 1 - 8 - ((-19 - 76) + 174).
-85
What is the value of 182 + -222 - (54 - (9 - -1))?
-84
Evaluate 19 + 17 + 207 